base 16.
-3
10000 (base 2) to base 9
17
Convert -2302 (base 4) to base 13.
-109
-1 (base 8) to base 5
-1
Convert 2 (base 10) to base 5.
2
What is -2 (base 6) in base 11?
-2
40 (base 9) to base 5
121
Convert 0 (base 15) to base 11.
0
-87 (base 11) to base 16
-5f
Convert 6 (base 12) to base 3.
20
-1 (base 6) to base 15
-1
What is -101110101 (base 2) in base 6?
-1421
Convert 138 (base 12) to base 14.
d6
Convert 36 (base 7) to base 14.
1d
-1 (base 10) to base 5
-1
What is -22 (base 11) in base 16?
-18
Convert -11 (base 14) to base 11.
-14
Convert -a (base 16) to base 10.
-10
What is 431 (base 5) in base 12?
98
What is 0 (base 3) in base 15?
0
36 (base 14) to base 15
33
Convert 22 (base 6) to base 11.
13
What is 10 (base 11) in base 16?
b
-131 (base 7) to base 9
-78
What is 0 (base 2) in base 16?
0
What is 100 (base 3) in base 5?
14
-3323 (base 4) to base 13
-164
What is 1000 (base 2) in base 12?
8
What is 4 (base 12) in base 13?
4
Convert -15 (base 11) to base 12.
-14
Convert 61 (base 15) to base 6.
231
Convert 2021 (base 3) to base 9.
67
1 (base 14) to base 6
1
What is -6b (base 16) in base 6?
-255
What is 35 (base 11) in base 15?
28
-6 (base 9) to base 12
-6
Convert 0 (base 4) to base 10.
0
What is 30 (base 9) in base 7?
36
What is 1 (base 13) in base 3?
1
3 (base 15) to base 11
3
What is 3 (base 14) in base 9?
3
Convert 4 (base 14) to base 13.
4
Convert -23 (base 6) to base 9.
-16
Convert 104 (base 7) to base 6.
125
Convert -3 (base 9) to base 2.
-11
Convert 1111 (base 5) to base 7.
312
Convert 2 (base 10) to base 13.
2
-4 (base 9) to base 7
-4
What is 5 (base 10) in base 4?
11
What is 62 (base 7) in base 13?
35
Convert -133 (base 5) to base 8.
-53
3 (base 11) to base 6
3
Convert -12 (base 16) to base 5.
-33
1220 (base 3) to base 15
36
-31 (base 6) to base 10
-19
173 (base 9) to base 8
223
What is 277 (base 13) in base 3?
121011
-25 (base 8) to base 3
-210
What is 5 (base 9) in base 14?
5
What is -101 (base 4) in base 15?
-12
What is 21 (base 5) in base 15?
b
What is -1043 (base 5) in base 13?
-b5
What is 4 (base 10) in base 12?
4
What is 1 (base 9) in base 4?
1
Convert 58 (base 16) to base 4.
1120
What is 1 (base 5) in base 13?
1
-6c (base 15) to base 6
-250
What is -2e (base 16) in base 6?
-114
Convert 8 (base 10) to base 9.
8
-18 (base 15) to base 5
-43
What is 6 (base 12) in base 11?
6
14 (base 6) to base 8
12
What is -a (base 13) in base 14?
-a
3 (base 5) to base 14
3
-1 (base 6) to base 5
-1
What is 0 (base 9) in base 15?
0
Convert 8 (base 12) to base 6.
12
Convert 33 (base 11) to base 8.
44
234 (base 9) to base 8
301
What is -38 (base 13) in base 10?
-47
Convert 162 (base 9) to base 13.
a7
What is -65 (base 16) in base 15?
-6b
Convert -1 (base 8) to base 7.
-1
37 (base 8) to base 11
29
What is 120 (base 5) in base 14?
27
What is 6 (base 7) in base 3?
20
Convert 10 (base 11) to base 6.
15
Convert 1 (base 10) to base 7.
1
Convert 1011 (base 2) to base 5.
21
What is 40 (base 5) in base 14?
16
Convert -5a (base 15) to base 4.
-1111
270 (base 8) to base 15
c4
1 (base 9) to base 14
1
Convert 9 (base 16) to base 13.
9
Convert -143 (base 6) to base 9.
-70
What is 12 (base 8) in base 13?
a
Convert 101 (base 4) to base 10.
17
What is -2 (base 8) in base 14?
-2
What is 3 (base 7) in base 3?
10
-8 (base 16) to base 5
-13
Convert 40 (base 5) to base 7.
26
-b3 (base 12) to base 9
-160
What is 142 (base 10) in base 13?
ac
-22 (base 4) to base 9
-11
Convert 7 (base 8) to base 16.
7
What is 6 (base 13) in base 4?
12
0 (base 3) to base 7
0
What is -2 (base 11) in base 14?
-2
What is -1a (base 14) in base 9?
-26
Convert 18 (base 12) to base 9.
22
72 (base 12) to base 8
126
Convert -1 (base 5) to base 10.
-1
-1 (base 14) to base 3
-1
What is 12 (base 14) in base 5?
31
-1001000 (base 2) to base 16
-48
What is -7 (base 8) in base 13?
-7
-51 (base 7) to base 5
-121
6 (base 8) to base 12
6
What is 302 (base 7) in base 16?
95
What is -7 (base 9) in base 15?
-7
What is 11 (base 4) in base 11?
5
What is -10 (base 2) in base 11?
-2
-1 (base 11) to base 3
-1
Convert 36 (base 16) to base 7.
105
What is 8 (base 10) in base 3?
22
Convert 1 (base 8) to base 5.
1
130 (base 5) to base 14
2c
-13 (base 14) to base 11
-16
Convert -2f (base 16) to base 11.
-43
What is -144 (base 5) in base 12?
-41
-100 (base 2) to base 7
-4
Convert 1 (base 6) to base 8.
1
What is -6 (base 16) in base 2?
-110
71 (base 10) to base 12
5b
Convert 30 (base 10) to base 15.
20
-5 (base 9) to base 12
-5
-120 (base 4) to base 13
-1b
-22 (base 7) to base 5
-31
4 (base 10) to base 16
4
Convert 1 (base 5) to base 6.
1
What is 1 (base 6) in base 8?
1
1 (base 13) to base 8
1
What is 13 (base 10) in base 13?
10
What is 12 (base 4) in base 10?
6
-180 (base 16) to base 2
-110000000
38 (base 11) to base 6
105
Convert 19 (base 16) to base 12.
21
What is 3 (base 16) in base 13?
3
Convert -1 (base 5) to base 3.
-1
What is 10 (base 13) in base 10?
13
Convert -1 (base 16) to base 14.
-1
What is -144 (base 7) in base 3?
-10000
Convert -99 (base 10) to base 2.
-1100011
What is 2 (base 14) in base 16?
2
What is 6 (base 15) in base 7?
6
59 (base 11) to base 16
40
154 (base 6) to base 10
70
-10 (base 5) to base 16
-5
What is 11 (base 9) in base 7?
13
10 (base 4) to base 15
4
What is -11 (base 6) in base 15?
-7
What is -12 (base 10) in base 13?
-c
Convert 18 (base 13) to base 14.
17
What is -de (base 15) in base 11?
-180
Convert 1001 (base 2) to base 16.
9
Convert -1 (base 10) to base 14.
-1
Convert -11111010 (base 2) to base 15.
-11a
Convert -1 (base 6) to base 13.
-1
Convert -2 (base 14) to base 12.
-2
Convert 331 (base 6) to base 4.
1333
-283 (base 11) to base 14
-19b
What is 3a (base 11) in base 13?
34
Convert -31 (base 11) to base 9.
-37
What is -36 (base 15) in base 11?
-47
What is -242 (base 5) in base 6?
-200
Convert 12 (base 4) to base 5.
11
11111 (base 2) to base 3
1011
Convert 4 (base 12) to base 9.
4
-4 (base 9) to base 3
-11
Convert 32 (base 8) to base 16.
1a
Convert 10 (base 5) to base 8.
5
What is -2 (base 7) in base 16?
-2
Convert -1021 (base 3) to base 10.
-34
What is -1 (base 6) in base 2?
-1
Convert 1111 (base 2) to base 15.
10
-2 (base 13) to base 9
-2
63 (base 14) to base 16
57
What is -142 (base 9) in base 6?
-315
Convert 1 (base 13) to base 6.
1
a6 (base 13) to base 5
1021
What is -9 (base 11) in base 3?
-100
Convert -1 (base 5) to base 14.
-1
What is 110010 (base 2) in base 14?
38
Convert 7 (base 14) to base 3.
21
What is 2 (base 13) in base 10?
2
3 (base 6) to base 15
3
Convert 54 (base 7) to base 8.
47
1 (base 9) to base 8
1
-b (base 15) to base 4
-23
0 (base 10) to base 8
0
-111 (base 4) to base 7
-30
-22 (base 14) to base 6
-50
What is -17 (base 16) in base 11?
-21
-21 (base 4) to base 16
-9
Convert -1c (base 16) to base 6.
-44
31 (base 9) to base 11
26
4 (base 7) to base 2
100
Convert -3 (base 5) to base 3.
-10
What is -3 (base 4) in base 3?
-10
What is 357 (base 8) in base 11?
1a8
Convert 32 (base 8) to base 7.
35
Convert -1 (base 8) to base 9.
-1
Convert -442 (base 5) to base 13.
-95
-11 (base 15) to base 11
-15
Convert 1c (base 13) to base 14.
1b
Convert 6 (base 10) to base 14.
6
Convert 4 (base 9) to base 14.
4
Convert 64 (base 13) to base 16.
52
Convert -49 (base 13) to base 14.
-45
What is 31 (base 11) in base 4?
202
Convert -128 (base 12) to base 6.
-452
Convert 3 (base 14) to base 16.
3
1000 (base 2) to base 4
20
What is 10000100 (base 2) in base 7?
246
What is 11 (base 2) in base 14?
3
What is 111122 (base 3) in base 10?
368
Convert -3 (base 11) to base 13.
-3
Convert -13a (base 13) to base 2.
-11011010
What is 22 (base 4) in base 5?
20
What is -21 (base 3) in base 15?
-7
Convert -31 (base 5) to base 12.
-14
Convert -10201 (base 3) to base 11.
-91
What is 0 (base 5) in base 13?
0
Convert -64 (base 13) to base 4.
-1102
What is -200 (base 6) in base 11?
-66
Convert 35 (base 16) to base 4.
311
Convert 79 (base 11) to base 5.
321
Convert -4 (base 11) to base 16.
-4
What is -ab (base 13) in base 10?
-141
What is -42 (base 8) in base 14?
-26
100102 (base 3) to base 2
11111110
What is -2 (base 8) in base 7?
-2
6 (base 14) to base 6
10
What is -25 (base 13) in base 9?
-34
Convert -11 (base 2) to base 11.
-3
Convert 12 (base 3) to base 12.
5
-1 (base 13) to base 11
-1
Convert -3 (base 5)